{"id":14,"date":"2017-10-09T01:47:55","date_gmt":"2017-10-09T06:47:55","guid":{"rendered":"http:\/\/fumigacionguadalajara.com\/Fumigaciones\/?page_id=14"},"modified":"2017-11-09T08:21:02","modified_gmt":"2017-11-09T14:21:02","slug":"fumigaciones","status":"publish","type":"page","link":"https:\/\/www.fumigacionguadalajara.com\/Fumigaciones\/","title":{"rendered":"Fumigaciones"},"content":{"rendered":"<p style=\"text-align: center;\"><a href=\"https:\/\/www.fumigacionguadalajara.com.mx\">Fumigacion de chinches guadalajara<\/a><\/p>\n<p style=\"text-align: left;\">En esta secci\u00f3n hablaremos sobre todo lo que necesita una persona saber sobre fumigaciones, o control de plagas en la Rep\u00fablica mexicana, y dentro del fen\u00f3meno de conurbaci\u00f3n que ocurre en Jalisco abarcando los municipios;<\/p>\n<ul style=\"text-align: left;\">\n<li><a href=\"http:\/\/www.fumigacionguadalajara.com\/Fumigaciones\/control-de-plagas-guadalajara\/\"><strong>Guadalajara<\/strong><\/a><\/li>\n<li><a href=\"http:\/\/www.fumigacionguadalajara.com\/Fumigaciones\/fumigaciones-zapopan\/\"><strong>Zapopan<\/strong><\/a><\/li>\n<li><a href=\"http:\/\/www.fumigacionguadalajara.com\/Fumigaciones\/fumigaciones-tlaquepaque\/\"><strong>San Pedro Tlaquepaque<\/strong><\/a><\/li>\n<li><a href=\"http:\/\/www.fumigacionguadalajara.com\/Fumigaciones\/fumigaciones-tonala\/\"><strong>Tonal\u00e1<\/strong><\/a><\/li>\n<li><a href=\"http:\/\/www.fumigacionguadalajara.com\/Fumigaciones\/fumigaciones-tlajomulco\/\"><strong>Tlajomulco de Z\u00fa\u00f1iga<\/strong><strong>\u00a0<\/strong><\/a><\/li>\n<\/ul>\n<p>Estos municipios reciben atenci\u00f3n de fumigaciones desde que los territorios le pertenec\u00edan al Reinado de Tonal\u00e1, al requerirse con t\u00e9cnicas antiguas un control de plagas, para que prosperara la agricultura.<\/p>\n<p><img loading=\"lazy\" decoding=\"async\" class=\"alignnone wp-image-131 size-medium\" title=\"Fumigaciones\" src=\"http:\/\/www.fumigacionguadalajara.com\/Fumigaciones\/wp-content\/uploads\/2017\/10\/BASILICA_ZAPOPAN_2_JALISCO-300x200.jpg\" alt=\"Fumigaciones\" width=\"300\" height=\"200\" srcset=\"https:\/\/www.fumigacionguadalajara.com\/Fumigaciones\/wp-content\/uploads\/2017\/10\/BASILICA_ZAPOPAN_2_JALISCO-300x200.jpg 300w, https:\/\/www.fumigacionguadalajara.com\/Fumigaciones\/wp-content\/uploads\/2017\/10\/BASILICA_ZAPOPAN_2_JALISCO-768x512.jpg 768w, https:\/\/www.fumigacionguadalajara.com\/Fumigaciones\/wp-content\/uploads\/2017\/10\/BASILICA_ZAPOPAN_2_JALISCO-1024x683.jpg 1024w\" sizes=\"auto, (max-width: 300px) 100vw, 300px\" \/><\/p>\n<h2>Fumigaciones<\/h2>\n<h2>geolocalizaci\u00f3n de las plagas<\/h2>\n<p style=\"text-align: left;\">Estas zonas ser\u00e1n estudiadas una a una, y veremos la geolocalizaci\u00f3n de las plagas y porcentaje de fumigaciones.<\/p>\n<p style=\"text-align: left;\">Sabr\u00e1s los primeros pasos que tiene que llevar acabo un profesional de control de plagas urbanas en el manejo de cada plaga en espec\u00edfico, como los diversos m\u00e9todos que se utilizan para controlar y erradicar. Hablaremos de la utilizaci\u00f3n de las herramientas que se requieren, como las trampas y productos qu\u00edmicos e incluso naturales que se emplean.<\/p>\n<p style=\"text-align: left;\">Nuestro objetivo es que cualquier persona en nuestro pa\u00eds tenga una gu\u00eda clara sobre qu\u00e9 hacer en caso de combatir una plaga. Es por eso que incluiremos material de estudio para aquellos que decidan emprender un negocio de fumigaci\u00f3n, les diremos a detalle que productos utilizar y les daremos informaci\u00f3n sobre todos los insectos y animales considerados plaga, aprender\u00e1n la diferencia de los insectos buenos de los malos y los pasos exactos para erradicar. Tambi\u00e9n te daremos las gu\u00edas de estudio para que presentes ex\u00e1menes ante la autoridad, y te diremos como sacar tu licencia sanitaria, el retorno de tu inversi\u00f3n, y hablaremos de la publicidad.<\/p>\n<p style=\"text-align: left;\">Hablaremos de cuales son unos precios justos y aprender\u00e1s que cada caso en control de plaga es especial y \u00fanico.<\/p>\n<p style=\"text-align: left;\">Pero para aquellos que simplemente quieran erradicar una plaga sin buscar un beneficio econ\u00f3mico, podr\u00e1n apoyarse de nuestro material, ya que con esta gu\u00eda sabr\u00e1n exactamente como deshacerse de esa plaga que te afecta.<\/p>\n<p><a href=\"http:\/\/www.fumigacionguadalajara.com\/Fumigaciones\/fumigaciones-zapopan\/\">Control de plagas en Zapopan, Tlajomulco, Tlaquepaque, Tonal\u00e1, Guadalajara<\/a><\/p>\n","protected":false},"excerpt":{"rendered":"<p>Fumigacion de chinches guadalajara En esta secci\u00f3n hablaremos sobre todo lo que necesita una persona saber sobre fumigaciones, o control de plagas en la Rep\u00fablica mexicana, y dentro del fen\u00f3meno de conurbaci\u00f3n que ocurre en Jalisco abarcando los municipios; Guadalajara Zapopan San Pedro Tlaquepaque Tonal\u00e1 Tlajomulco de Z\u00fa\u00f1iga\u00a0 Estos municipios reciben atenci\u00f3n de fumigaciones desde [&hellip;]<\/p>\n","protected":false},"author":1,"featured_media":0,"parent":0,"menu_order":0,"comment_status":"closed","ping_status":"closed","template":"","meta":{"footnotes":""},"class_list":{"0":"post-14","1":"page","2":"type-page","3":"status-publish","5":"entry"},"_links":{"self":[{"href":"https:\/\/www.fumigacionguadalajara.com\/Fumigaciones\/wp-json\/wp\/v2\/pages\/14","targetHints":{"allow":["GET"]}}],"collection":[{"href":"https:\/\/www.fumigacionguadalajara.com\/Fumigaciones\/wp-json\/wp\/v2\/pages"}],"about":[{"href":"https:\/\/www.fumigacionguadalajara.com\/Fumigaciones\/wp-json\/wp\/v2\/types\/page"}],"author":[{"embeddable":true,"href":"https:\/\/www.fumigacionguadalajara.com\/Fumigaciones\/wp-json\/wp\/v2\/users\/1"}],"replies":[{"embeddable":true,"href":"https:\/\/www.fumigacionguadalajara.com\/Fumigaciones\/wp-json\/wp\/v2\/comments?post=14"}],"version-history":[{"count":13,"href":"https:\/\/www.fumigacionguadalajara.com\/Fumigaciones\/wp-json\/wp\/v2\/pages\/14\/revisions"}],"predecessor-version":[{"id":419,"href":"https:\/\/www.fumigacionguadalajara.com\/Fumigaciones\/wp-json\/wp\/v2\/pages\/14\/revisions\/419"}],"wp:attachment":[{"href":"https:\/\/www.fumigacionguadalajara.com\/Fumigaciones\/wp-json\/wp\/v2\/media?parent=14"}],"curies":[{"name":"wp","href":"https:\/\/api.w.org\/{rel}","templated":true}]}}